actor of 1257?
False
Does 27 divide 1079?
False
Does 18 divide 2754?
True
Does 17 divide 187?
True
Is 11 a factor of 7422?
False
Is 66928 a multiple of 23?
False
Is 8 a factor of 10051?
False
Is 2453 a multiple of 21?
False
Is 2027 a multiple of 74?
False
Does 120 divide 3000?
True
Is 11 a factor of 7931?
True
Is 2379 a multiple of 35?
False
Does 84 divide 2080?
False
Is 34141 a multiple of 210?
False
Does 130 divide 17550?
True
Is 2145 a multiple of 12?
False
Does 5 divide 537?
False
Does 38 divide 646?
True
Does 84 divide 7737?
False
Does 338 divide 55432?
True
Is 168 a multiple of 24?
True
Is 20 a factor of 1481?
False
Is 43912 a multiple of 179?
False
Is 10 a factor of 448?
False
Is 36 a factor of 21112?
False
Is 15 a factor of 330?
True
Is 978 a multiple of 11?
False
Is 11 a factor of 533?
False
Is 4 a factor of 135?
False
Is 30 a factor of 2490?
True
Is 12969 a multiple of 11?
True
Is 621 a multiple of 23?
True
Does 5 divide 40?
True
Is 13978 a multiple of 81?
False
Is 1318 a multiple of 8?
False
Is 18928 a multiple of 52?
True
Is 17028 a multiple of 99?
True
Is 9228 a multiple of 12?
True
Is 26780 a multiple of 26?
True
Is 12 a factor of 330?
False
Is 4912 a multiple of 16?
True
Is 14 a factor of 936?
False
Does 36 divide 1757?
False
Is 15 a factor of 7905?
True
Is 15 a factor of 54150?
True
Is 2268 a multiple of 21?
True
Does 2 divide 33?
False
Does 163 divide 34719?
True
Is 44 a factor of 1266?
False
Is 41 a factor of 3239?
True
Is 7040 a multiple of 48?
False
Is 138 a factor of 1518?
True
Is 1149 a multiple of 81?
False
Is 397 a multiple of 28?
False
Is 33 a factor of 601?
False
Is 384 a multiple of 9?
False
Is 15 a factor of 240?
True
Does 51 divide 2793?
False
Is 121 a factor of 3106?
False
Is 20 a factor of 19080?
True
Is 22 a factor of 1958?
True
Is 544 a multiple of 32?
True
Does 80 divide 855?
False
Is 1714 a multiple of 47?
False
Is 22 a factor of 5607?
False
Is 6045 a multiple of 15?
True
Does 42 divide 47431?
False
Is 32 a factor of 21637?
False
Is 8567 a multiple of 81?
False
Is 3675 a multiple of 49?
True
Is 75497 a multiple of 17?
True
Does 28 divide 5269?
False
Is 8 a factor of 1495?
False
Does 26 divide 1343?
False
Is 89 a factor of 3429?
False
Does 15 divide 25800?
True
Does 128 divide 5632?
True
Is 26 a factor of 1196?
True
Does 23 divide 483?
True
Is 1044 a multiple of 116?
True
Is 28 a factor of 1848?
True
Is 2660 a multiple of 64?
False
Is 46 a factor of 2300?
True
Does 2 divide 10?
True
Is 2574 a multiple of 5?
False
Does 185 divide 266?
False
Does 55 divide 2420?
True
Does 2 divide 825?
False
Does 27 divide 783?
True
Is 533 a multiple of 22?
False
Is 671 a multiple of 61?
True
Is 860 a multiple of 5?
True
Is 12 a factor of 1436?
False
Is 71 a multiple of 2?
False
Is 550 a multiple of 15?
False
Is 268 a factor of 4824?
True
Is 4 a factor of 956?
True
Is 48 a factor of 1152?
True
Is 1626 a multiple of 145?
False
Is 14 a factor of 2100?
True
Is 1682 a multiple of 29?
True
Does 38 divide 13507?
False
Is 20 a factor of 2952?
False
Does 32 divide 32736?
True
Is 539 a multiple of 11?
True
Is 9 a factor of 30696?
False
Is 49 a factor of 3332?
True
Is 6930 a multiple of 9?
True
Is 9 a factor of 1654?
False
Does 20 divide 7680?
True
Is 5 a factor of 9098?
False
Is 29 a factor of 17023?
True
Is 34 a factor of 6147?
False
Is 1958 a multiple of 18?
False
Is 37562 a multiple of 8?
False
Is 117 a factor of 3627?
True
Is 636 a multiple of 2?
True
Is 19 a factor of 1197?
True
Is 60 a factor of 93240?
True
Is 4095 a multiple of 65?
True
Does 7 divide 3563?
True
Is 1527 a multiple of 9?
False
Is 37260 a multiple of 36?
True
Is 41 a multiple of 5?
False
Is 1651 a multiple of 9?
False
Does 164 divide 31997?
False
Does 9 divide 3801?
False
Does 7 divide 399?
True
Is 107562 a multiple of 78?
True
Is 3 a factor of 342?
True
Is 48 a factor of 432?
True
Is 467 a multiple of 4?
False
Is 1607 a multiple of 33?
False
Is 8320 a multiple of 34?
False
Does 11 divide 2084?
False
Is 81 a factor of 64152?
True
Does 5 divide 75?
True
Is 39 a factor of 12480?
True
Is 489 a multiple of 5?
False
Is 18 a factor of 90?
True
Does 14 divide 565?
False
Is 34866 a multiple of 117?
True
Is 275 a multiple of 3?
False
Is 90 a factor of 1800?
True
Is 812 a multiple of 14?
True
Does 98 divide 711?
False
Is 2462 a multiple of 6?
False
Is 6 a factor of 2661?
False
Is 15 a factor of 6540?
True
Does 259 divide 10312?
False
Does 27 divide 2458?
False
Does 2 divide 1215?
False
Does 9 divide 492?
False
Does 41 divide 410?
True
Is 15 a factor of 989?
False
Is 763 a multiple of 51?
False
Is 23 a factor of 28951?
False
Is 2231 a multiple of 3?
False
Does 7 divide 266?
True
Is 19 a factor of 8763?
False
Is 32443 a multiple of 15?
False
Does 58 divide 6380?
True
Is 18 a factor of 999?
False
Does 21 divide 2015?
False
Is 6235 a multiple of 35?
False
Does 54 divide 22506?
False
Is 85 a multiple of 10?
False
Is 13 a factor of 949?
True
Is 6999 a multiple of 8?
False
Is 26 a factor of 5691?
False
Is 59 a factor of 41603?
False
Is 7 a factor of 11375?
True
Does 3 divide 310?
False
Does 11 divide 814?
True
Does 22 divide 362?
False
Is 31255 a multiple of 47?
True
Does 21 divide 43680?
True
Is 2600 a multiple of 54?
False
Is 4050 a multiple of 30?
True
Is 117040 a multiple of 38?
True
Is 18 a factor of 108?
True
Is 129 a factor of 1548?
True
Is 588 a multiple of 14?
True
Is 9710 a multiple of 22?
False
Does 29 divide 4912?
False
Is 729 a multiple of 9?
True
Is 213 a multiple of 3?
True
Is 5 a factor of 6022?
False
Is 42 a factor of 8484?
True
Does 17 divide 31450?
True
Is 37 a factor of 444?
True
Is 52625 a multiple of 136?
False
Is 166 a factor of 8133?
False
Is 3626 a multiple of 37?
True
Is 7895 a multiple of 14?
False
Does 127 divide 3175?
True
Is 4 a factor of 414?
False
Is 38 a factor of 3042?
False
Is 4184 a multiple of 28?
False
Is 10892 a multiple of 4?
True
Is 31 a factor of 2883?
True
Is 86 a factor of 174?
False
Is 22 a factor of 1254?
True
Is 17 a factor of 571?
False
Is 22029 a multiple of 32?
False
Does 8 divide 578?
False
Is 3104 a multiple of 3?
False
Is 782 a multiple of 23?
True
Does 9 divide 918?
True
Is 69 a factor of 408?
False
Does 34 divide 1326?
True
Is 6293 a multiple of 34?
False
Is 19026 a multiple of 42?
True
Does 20 divide 1139?
False
Does 15 divide 35?
False
Does 129 divide 1045?
False
Is 29 a factor of 3943?
False
Does 13 divide 5070?
True
Is 4723 a multiple of 9?
False
Is 20543 even?
False
Does 15 divide 88155?
True
Does 45 divide 2115?
True
Does 9 divide 403?
False
Is 25693 a multiple of 23?
False
Is 4454 a multiple of 15?
False
Does 11 divide 129?
False
Is 57 a factor of 684?
True
Is 3 a factor of 258?
True
Is 32 a factor of 444?
False
Is 155 a factor of 2635?
True
Does 446 divide 93214?
True
Is 33590 a multiple of 265?
False
Is 4355 a multiple of 5?
True
Is 70 a factor of 38562?
False
Is 7 a factor of 9078?
False
Is 51 a factor of 376?
False
Does 20 divide 4570?
False
Is 4 a factor of 32256?
True
Is 7 a factor of 75787?
False
Is 101 a multiple of 9?
False
Does 50 divide 991?
False
Is 11234 a multiple of 86?
False
Does 20 divide 4140?
True
Does 34 divide 3196?
True
Is 15 a factor of 60?
True
Is 7175 a multiple of 41?
True
Is 9 a factor of 1495?
False
Is 109 a factor of 52209?
False
Is 21 a factor of 4043?
False
Is 15 a factor of 240?
True
Is 70 a factor of 9397?
False
Is 9 a factor of 5150?
False
Is 10 a factor of 8825?
False
Does 21 divide 8878?
False
Is 17 a factor of 11900?
True
Does 34 divide 246?
False
Does 17 divide 2193?
True
Does 391 divide 197455?
True
Is 2573 a multiple of 4?
False
Is 7 a factor of 21?
True
Does 13 divide 4060?
False
Does 38 divide 570?
True
Is 1306 a multiple of 26?
False
Is 7 a factor of 451?
False
Is 351 a factor of 23868?
True
Does 14 divide 3508?
False
Is 10 a factor of 50?
True
Is 3013 a multiple of 5?
False
Does 7 divide 650?
False
Does 144 divide 10344?
False
Is 76 a factor of 6441?
False
Is 6 a factor of 57?
False
Is 3857 a multiple of 133?
True
Does 46 divide 66010?
True
Is 92 a multiple of 28?
False
Is 11 a factor of 5782?
False
Is 337 a multiple of 14?
False
Is 22 a factor of 172?
False
Does 48 divide 240?
True
Does 154 divide 14784?
True
Is 4 a factor of 25?
False
Is 23578 a multiple of 20?
False
Is 31